{"id":847,"date":"2021-04-27T09:45:04","date_gmt":"2021-04-27T14:45:04","guid":{"rendered":"https:\/\/atm-alt.com.co\/?post_type=portfolio&#038;p=847"},"modified":"2023-06-27T10:30:55","modified_gmt":"2023-06-27T10:30:55","slug":"generacion-de-capacidades-al-interior-de-cada-entidad-adscrita-del-ministerio-de-minas-y-energia-de-colombia","status":"publish","type":"portfolio","link":"https:\/\/atm-alt.com.co\/en\/portfolio-item\/capacity-building-within-each-entity-attached-to-the-ministry-of-mines-and-energy-of-colombia-2\/","title":{"rendered":"Generaci\u00f3n de capacidades al interior de cada entidad adscrita del Ministerio de Minas y Energ\u00eda de Colombia para el monitoreo, cuantificaci\u00f3n, reporte, rendici\u00f3n de cuentas y gesti\u00f3n de la huella de carbono organizacional"},"content":{"rendered":"\t\t<div data-elementor-type=\"wp-post\" data-elementor-id=\"847\" class=\"elementor elementor-847\">\n\t\t\t\t\t\t<section class=\"elementor-section elementor-top-section elementor-element elementor-element-6820fe0 elementor-section-boxed elementor-section-height-default elementor-section-height-default\" data-id=\"6820fe0\" data-element_type=\"section\" data-settings=\"{&quot;_ha_eqh_enable&quot;:false}\">\n\t\t\t\t\t\t<div class=\"elementor-container elementor-column-gap-default\">\n\t\t\t\t\t<div class=\"elementor-column elementor-col-100 elementor-top-column elementor-element elementor-element-904744b\" data-id=\"904744b\" data-element_type=\"column\">\n\t\t\t<div class=\"elementor-widget-wrap elementor-element-populated\">\n\t\t\t\t\t\t<div class=\"elementor-element elementor-element-49b2271 elementor-widget elementor-widget-heading\" data-id=\"49b2271\" data-element_type=\"widget\" data-widget_type=\"heading.default\">\n\t\t\t\t<div class=\"elementor-widget-container\">\n\t\t\t<style>\/*! elementor - v3.23.0 - 25-07-2024 *\/\n.elementor-heading-title{padding:0;margin:0;line-height:1}.elementor-widget-heading .elementor-heading-title[class*=elementor-size-]>a{color:inherit;font-size:inherit;line-height:inherit}.elementor-widget-heading .elementor-heading-title.elementor-size-small{font-size:15px}.elementor-widget-heading .elementor-heading-title.elementor-size-medium{font-size:19px}.elementor-widget-heading .elementor-heading-title.elementor-size-large{font-size:29px}.elementor-widget-heading .elementor-heading-title.elementor-size-xl{font-size:39px}.elementor-widget-heading .elementor-heading-title.elementor-size-xxl{font-size:59px}<\/style><h3 class=\"elementor-heading-title elementor-size-default\">Generaci\u00f3n de capacidades al interior de cada entidad adscrita del Ministerio de Minas y Energ\u00eda de Colombia para el monitoreo, cuantificaci\u00f3n, reporte, rendici\u00f3n de cuentas y gesti\u00f3n de la huella de carbono organizacional<\/h3>\t\t<\/div>\n\t\t\t\t<\/div>\n\t\t\t\t<section class=\"elementor-section elementor-inner-section elementor-element elementor-element-56c224ab elementor-section-boxed elementor-section-height-default elementor-section-height-default\" data-id=\"56c224ab\" data-element_type=\"section\" data-settings=\"{&quot;_ha_eqh_enable&quot;:false}\">\n\t\t\t\t\t\t<div class=\"elementor-container elementor-column-gap-default\">\n\t\t\t\t\t<div class=\"elementor-column elementor-col-50 elementor-inner-column elementor-element elementor-element-4c81965e\" data-id=\"4c81965e\" data-element_type=\"column\">\n\t\t\t<div class=\"elementor-widget-wrap elementor-element-populated\">\n\t\t\t\t\t\t<div class=\"elementor-element elementor-element-c6bbf5d elementor-widget elementor-widget-image\" data-id=\"c6bbf5d\" data-element_type=\"widget\" data-widget_type=\"image.default\">\n\t\t\t\t<div class=\"elementor-widget-container\">\n\t\t\t<style>\/*! elementor - v3.23.0 - 25-07-2024 *\/\n.elementor-widget-image{text-align:center}.elementor-widget-image a{display:inline-block}.elementor-widget-image a img[src$=\".svg\"]{width:48px}.elementor-widget-image img{vertical-align:middle;display:inline-block}<\/style>\t\t\t\t\t\t\t\t\t\t<img decoding=\"async\" src=\"https:\/\/atm-alt.com.co\/wp-content\/uploads\/elementor\/thumbs\/desarrollar_la_huella-rbvsme9qfqf1dz1uo8teg102ephqdct7vcqv1y4avo.jpg\" title=\"desarrollar_la_huella\" alt=\"Fuente: https:\/\/www.minenergia.gov.co\/historia1\" loading=\"lazy\" \/>\t\t\t\t\t\t\t\t\t\t\t\t\t<\/div>\n\t\t\t\t<\/div>\n\t\t\t\t\t<\/div>\n\t\t<\/div>\n\t\t\t\t<div class=\"elementor-column elementor-col-50 elementor-inner-column elementor-element elementor-element-42cd102a\" data-id=\"42cd102a\" data-element_type=\"column\">\n\t\t\t<div class=\"elementor-widget-wrap elementor-element-populated\">\n\t\t\t\t\t\t<div class=\"elementor-element elementor-element-68535631 ha-mode--compact ha-direction--right elementor-widget elementor-widget-ha-list-group happy-addon ha-list-group happy-addon-pro\" data-id=\"68535631\" data-element_type=\"widget\" data-widget_type=\"ha-list-group.default\">\n\t\t\t\t<div class=\"elementor-widget-container\">\n\t\t\t\n        <ul class=\"ha-list-wrap\">\n            \n                <li class=\"ha-list-item  elementor-repeater-item-80b55d5\">\n\n                    \n                        <div class=\"ha-item-wrap\">\n\n\t\t\t\t\t\t\t                                <div class=\"ha-icon icon\">\n\t\t\t\t\t\t\t\t\t<i aria-hidden=\"true\" class=\"hm hm-calendar2\"><\/i>                                <\/div>\n\n                            \n                            <div class=\"ha-text\">\n\t\t\t\t\t\t\t\t\t<!-- title tag start -->\n                                    <h4 class=\"ha-list-title\">\n                                        A\u00f1o de Inicio - A\u00f1o Finalizaci\u00f3n                                                                            <\/h4>\n\t\t\t\t\t\t\t\t\t<!-- title tag end -->\n\n                                                                    <p class=\"ha-list-detail\">\n                                        2020 - Activo                                    <\/p>\n                                                            <\/div>\n\n                            \n                        <\/div>\n\n                    \n                <\/li>\n\n            \n                <li class=\"ha-list-item  elementor-repeater-item-d687ea5\">\n\n                    \n                        <div class=\"ha-item-wrap\">\n\n\t\t\t\t\t\t\t                                <div class=\"ha-icon icon\">\n\t\t\t\t\t\t\t\t\t<i aria-hidden=\"true\" class=\"hm hm-user-id\"><\/i>                                <\/div>\n\n                            \n                            <div class=\"ha-text\">\n\t\t\t\t\t\t\t\t\t<!-- title tag start -->\n                                    <h4 class=\"ha-list-title\">\n                                        Cliente Directo                                                                            <\/h4>\n\t\t\t\t\t\t\t\t\t<!-- title tag end -->\n\n                                                                    <p class=\"ha-list-detail\">\n                                        Centro Internacional de Agricultura Tropical (CIAT)                                    <\/p>\n                                                            <\/div>\n\n                            \n                        <\/div>\n\n                    \n                <\/li>\n\n            \n                <li class=\"ha-list-item  elementor-repeater-item-30af95a\">\n\n                    \n                        <div class=\"ha-item-wrap\">\n\n\t\t\t\t\t\t\t                                <div class=\"ha-icon icon\">\n\t\t\t\t\t\t\t\t\t<i aria-hidden=\"true\" class=\"hm hm-user-male\"><\/i>                                <\/div>\n\n                            \n                            <div class=\"ha-text\">\n\t\t\t\t\t\t\t\t\t<!-- title tag start -->\n                                    <h4 class=\"ha-list-title\">\n                                        Cliente Directo                                                                            <\/h4>\n\t\t\t\t\t\t\t\t\t<!-- title tag end -->\n\n                                                                    <p class=\"ha-list-detail\">\n                                        Ministerio de Minas y Energ\u00eda de Colombia                                    <\/p>\n                                                            <\/div>\n\n                            \n                        <\/div>\n\n                    \n                <\/li>\n\n            \n                <li class=\"ha-list-item  elementor-repeater-item-91719f8\">\n\n                    \n                        <div class=\"ha-item-wrap\">\n\n\t\t\t\t\t\t\t                                <div class=\"ha-icon icon\">\n\t\t\t\t\t\t\t\t\t<i aria-hidden=\"true\" class=\"hm hm-list-2\"><\/i>                                <\/div>\n\n                            \n                            <div class=\"ha-text\">\n\t\t\t\t\t\t\t\t\t<!-- title tag start -->\n                                    <h4 class=\"ha-list-title\">\n                                        Palabras Clave                                                                            <\/h4>\n\t\t\t\t\t\t\t\t\t<!-- title tag end -->\n\n                                                                    <p class=\"ha-list-detail\">\n                                        MDL, Project Participant, Focal Point, Comercializaci\u00f3n cr\u00e9ditos de carbono                                    <\/p>\n                                                            <\/div>\n\n                            \n                        <\/div>\n\n                    \n                <\/li>\n\n            \n                <li class=\"ha-list-item  elementor-repeater-item-e70e34e\">\n\n                    \n                        <div class=\"ha-item-wrap\">\n\n\t\t\t\t\t\t\t                                <div class=\"ha-icon icon\">\n\t\t\t\t\t\t\t\t\t<i aria-hidden=\"true\" class=\"hm hm-location-pointer\"><\/i>                                <\/div>\n\n                            \n                            <div class=\"ha-text\">\n\t\t\t\t\t\t\t\t\t<!-- title tag start -->\n                                    <h4 class=\"ha-list-title\">\n                                        Alcance Geogr\u00e1fico                                                                            <\/h4>\n\t\t\t\t\t\t\t\t\t<!-- title tag end -->\n\n                                                                    <p class=\"ha-list-detail\">\n                                        Colombia                                    <\/p>\n                                                            <\/div>\n\n                            \n                        <\/div>\n\n                    \n                <\/li>\n\n            \n                <li class=\"ha-list-item  elementor-repeater-item-e2aff5c\">\n\n                    \n                        <div class=\"ha-item-wrap\">\n\n\t\t\t\t\t\t\t                                <div class=\"ha-icon icon\">\n\t\t\t\t\t\t\t\t\t<i aria-hidden=\"true\" class=\"hm hm-horizontal-timeline\"><\/i>                                <\/div>\n\n                            \n                            <div class=\"ha-text\">\n\t\t\t\t\t\t\t\t\t<!-- title tag start -->\n                                    <h4 class=\"ha-list-title\">\n                                        Estado                                                                            <\/h4>\n\t\t\t\t\t\t\t\t\t<!-- title tag end -->\n\n                                                                    <p class=\"ha-list-detail\">\n                                        En Curso                                    <\/p>\n                                                            <\/div>\n\n                            \n                        <\/div>\n\n                    \n                <\/li>\n\n                    <\/ul>\n\n        \t\t<\/div>\n\t\t\t\t<\/div>\n\t\t\t\t\t<\/div>\n\t\t<\/div>\n\t\t\t\t\t<\/div>\n\t\t<\/section>\n\t\t\t\t<section class=\"elementor-section elementor-inner-section elementor-element elementor-element-d60a4ad elementor-section-full_width elementor-section-height-default elementor-section-height-default\" data-id=\"d60a4ad\" data-element_type=\"section\" data-settings=\"{&quot;_ha_eqh_enable&quot;:false}\">\n\t\t\t\t\t\t<div class=\"elementor-container elementor-column-gap-default\">\n\t\t\t\t\t<div class=\"elementor-column elementor-col-100 elementor-inner-column elementor-element elementor-element-5fe26b3\" data-id=\"5fe26b3\" data-element_type=\"column\">\n\t\t\t<div class=\"elementor-widget-wrap elementor-element-populated\">\n\t\t\t\t\t\t<div class=\"elementor-element elementor-element-18a4a4c elementor-widget elementor-widget-text-editor\" data-id=\"18a4a4c\" data-element_type=\"widget\" data-widget_type=\"text-editor.default\">\n\t\t\t\t<div class=\"elementor-widget-container\">\n\t\t\t<style>\/*! elementor - v3.23.0 - 25-07-2024 *\/\n.elementor-widget-text-editor.elementor-drop-cap-view-stacked .elementor-drop-cap{background-color:#69727d;color:#fff}.elementor-widget-text-editor.elementor-drop-cap-view-framed .elementor-drop-cap{color:#69727d;border:3px solid;background-color:transparent}.elementor-widget-text-editor:not(.elementor-drop-cap-view-default) .elementor-drop-cap{margin-top:8px}.elementor-widget-text-editor:not(.elementor-drop-cap-view-default) .elementor-drop-cap-letter{width:1em;height:1em}.elementor-widget-text-editor .elementor-drop-cap{float:left;text-align:center;line-height:1;font-size:50px}.elementor-widget-text-editor .elementor-drop-cap-letter{display:inline-block}<\/style>\t\t\t\t<p>Acompa\u00f1ar a las entidades adscritas del Ministerio de Minas y Energ\u00eda para generar capacidades para el monitoreo, cuantificaci\u00f3n, reporte, rendici\u00f3n de cuentas y gesti\u00f3n de la huella de carbono organizacional de acuerdo con la norma internacional ISO 140641: 2018.<\/p>\n<p><b>Fuente:<\/b>&nbsp;<a href=\"https:\/\/www.minenergia.gov.co\/historico-de-noticias?idNoticia=24098204\" target=\"_blank\" style=\"font-size: 20px; letter-spacing: 0px; text-align: inherit;\">https:\/\/www.minenergia.gov.co\/historico-de-noticias?idNoticia=24098204<\/a><\/p>\t\t\t\t\t\t<\/div>\n\t\t\t\t<\/div>\n\t\t\t\t\t<\/div>\n\t\t<\/div>\n\t\t\t\t\t<\/div>\n\t\t<\/section>\n\t\t\t\t\t<\/div>\n\t\t<\/div>\n\t\t\t\t\t<\/div>\n\t\t<\/section>\n\t\t\t\t<\/div>\n\t\t","protected":false},"excerpt":{"rendered":"<p>Acompa\u00f1ar a las entidades adscritas del Ministerio de Minas y Energ\u00eda para generar capacidades para el monitoreo, cuantificaci\u00f3n, reporte, rendici\u00f3n de cuentas y gesti\u00f3n de la huella de carbono organizacional de acuerdo con la norma internacional ISO 14064-1:2018.<\/p>\n","protected":false},"author":2,"featured_media":625,"menu_order":22,"comment_status":"closed","ping_status":"closed","template":"elementor_header_footer","meta":[],"portfolio-types":[3],"class_list":["post-847","portfolio","type-portfolio","status-publish","has-post-thumbnail","hentry","portfolio-types-proyectos"],"_links":{"self":[{"href":"https:\/\/atm-alt.com.co\/en\/wp-json\/wp\/v2\/portfolio\/847","targetHints":{"allow":["GET"]}}],"collection":[{"href":"https:\/\/atm-alt.com.co\/en\/wp-json\/wp\/v2\/portfolio"}],"about":[{"href":"https:\/\/atm-alt.com.co\/en\/wp-json\/wp\/v2\/types\/portfolio"}],"author":[{"embeddable":true,"href":"https:\/\/atm-alt.com.co\/en\/wp-json\/wp\/v2\/users\/2"}],"replies":[{"embeddable":true,"href":"https:\/\/atm-alt.com.co\/en\/wp-json\/wp\/v2\/comments?post=847"}],"version-history":[{"count":1,"href":"https:\/\/atm-alt.com.co\/en\/wp-json\/wp\/v2\/portfolio\/847\/revisions"}],"predecessor-version":[{"id":3160,"href":"https:\/\/atm-alt.com.co\/en\/wp-json\/wp\/v2\/portfolio\/847\/revisions\/3160"}],"wp:featuredmedia":[{"embeddable":true,"href":"https:\/\/atm-alt.com.co\/en\/wp-json\/wp\/v2\/media\/625"}],"wp:attachment":[{"href":"https:\/\/atm-alt.com.co\/en\/wp-json\/wp\/v2\/media?parent=847"}],"wp:term":[{"taxonomy":"portfolio-types","embeddable":true,"href":"https:\/\/atm-alt.com.co\/en\/wp-json\/wp\/v2\/portfolio-types?post=847"}],"curies":[{"name":"wp","href":"https:\/\/api.w.org\/{rel}","templated":true}]}}

Generación de capacidades al interior de cada entidad adscrita del Ministerio de Minas y Energía de Colombia para el monitoreo, cuantificación, reporte, rendición de cuentas y gestión de la huella de carbono organizacional

<div data-elementor-type="wp-post" data-elementor-id="847" class="elementor elementor-847">
						<section class="elementor-section elementor-top-section elementor-element elementor-element-6820fe0 elementor-section-boxed elementor-section-height-default elementor-section-height-default" data-id="6820fe0" data-element_type="section" data-settings="{&quot;_ha_eqh_enable&quot;:false}">
						<div class="elementor-container elementor-column-gap-default">
					<div class="elementor-column elementor-col-100 elementor-top-column elementor-element elementor-element-904744b" data-id="904744b" data-element_type="column">
			<div class="elementor-widget-wrap elementor-element-populated">
						<div class="elementor-element elementor-element-49b2271 elementor-widget elementor-widget-heading" data-id="49b2271" data-element_type="widget" data-widget_type="heading.default">
				<div class="elementor-widget-container">
			<style>/*! elementor - v3.23.0 - 25-07-2024 */
.elementor-heading-title{padding:0;margin:0;line-height:1}.elementor-widget-heading .elementor-heading-title[class*=elementor-size-]>a{color:inherit;font-size:inherit;line-height:inherit}.elementor-widget-heading .elementor-heading-title.elementor-size-small{font-size:15px}.elementor-widget-heading .elementor-heading-title.elementor-size-medium{font-size:19px}.elementor-widget-heading .elementor-heading-title.elementor-size-large{font-size:29px}.elementor-widget-heading .elementor-heading-title.elementor-size-xl{font-size:39px}.elementor-widget-heading .elementor-heading-title.elementor-size-xxl{font-size:59px}</style><h3 class="elementor-heading-title elementor-size-default">Generación de capacidades al interior de cada entidad adscrita del Ministerio de Minas y Energía de Colombia para el monitoreo, cuantificación, reporte, rendición de cuentas y gestión de la huella de carbono organizacional</h3>		</div>
				</div>
				<section class="elementor-section elementor-inner-section elementor-element elementor-element-56c224ab elementor-section-boxed elementor-section-height-default elementor-section-height-default" data-id="56c224ab" data-element_type="section" data-settings="{&quot;_ha_eqh_enable&quot;:false}">
						<div class="elementor-container elementor-column-gap-default">
					<div class="elementor-column elementor-col-50 elementor-inner-column elementor-element elementor-element-4c81965e" data-id="4c81965e" data-element_type="column">
			<div class="elementor-widget-wrap elementor-element-populated">
						<div class="elementor-element elementor-element-c6bbf5d elementor-widget elementor-widget-image" data-id="c6bbf5d" data-element_type="widget" data-widget_type="image.default">
				<div class="elementor-widget-container">
			<style>/*! elementor - v3.23.0 - 25-07-2024 */
.elementor-widget-image{text-align:center}.elementor-widget-image a{display:inline-block}.elementor-widget-image a img[src$=".svg"]{width:48px}.elementor-widget-image img{vertical-align:middle;display:inline-block}</style>										<img decoding="async" src="https://atm-alt.com.co/wp-content/uploads/elementor/thumbs/desarrollar_la_huella-rbvsme9qfqf1dz1uo8teg102ephqdct7vcqv1y4avo.jpg" title="desarrollar_la_huella" alt="Fuente: https://www.minenergia.gov.co/historia1" loading="lazy" />													</div>
				</div>
					</div>
		</div>
				<div class="elementor-column elementor-col-50 elementor-inner-column elementor-element elementor-element-42cd102a" data-id="42cd102a" data-element_type="column">
			<div class="elementor-widget-wrap elementor-element-populated">
						<div class="elementor-element elementor-element-68535631 ha-mode--compact ha-direction--right elementor-widget elementor-widget-ha-list-group happy-addon ha-list-group happy-addon-pro" data-id="68535631" data-element_type="widget" data-widget_type="ha-list-group.default">
				<div class="elementor-widget-container">
			
        <ul class="ha-list-wrap">
            
                <li class="ha-list-item  elementor-repeater-item-80b55d5">

                    
                        <div class="ha-item-wrap">

							                                <div class="ha-icon icon">
									<i aria-hidden="true" class="hm hm-calendar2"></i>                                </div>

                            
                            <div class="ha-text">
									<!-- title tag start -->
                                    <h4 class="ha-list-title">
                                        Año de Inicio - Año Finalización                                                                            </h4>
									<!-- title tag end -->

                                                                    <p class="ha-list-detail">
                                        2020 - Activo                                    </p>
                                                            </div>

                            
                        </div>

                    
                </li>

            
                <li class="ha-list-item  elementor-repeater-item-d687ea5">

                    
                        <div class="ha-item-wrap">

							                                <div class="ha-icon icon">
									<i aria-hidden="true" class="hm hm-user-id"></i>                                </div>

                            
                            <div class="ha-text">
									<!-- title tag start -->
                                    <h4 class="ha-list-title">
                                        Cliente Directo                                                                            </h4>
									<!-- title tag end -->

                                                                    <p class="ha-list-detail">
                                        Centro Internacional de Agricultura Tropical (CIAT)                                    </p>
                                                            </div>

                            
                        </div>

                    
                </li>

            
                <li class="ha-list-item  elementor-repeater-item-30af95a">

                    
                        <div class="ha-item-wrap">

							                                <div class="ha-icon icon">
									<i aria-hidden="true" class="hm hm-user-male"></i>                                </div>

                            
                            <div class="ha-text">
									<!-- title tag start -->
                                    <h4 class="ha-list-title">
                                        Cliente Directo                                                                            </h4>
									<!-- title tag end -->

                                                                    <p class="ha-list-detail">
                                        Ministerio de Minas y Energía de Colombia                                    </p>
                                                            </div>

                            
                        </div>

                    
                </li>

            
                <li class="ha-list-item  elementor-repeater-item-91719f8">

                    
                        <div class="ha-item-wrap">

							                                <div class="ha-icon icon">
									<i aria-hidden="true" class="hm hm-list-2"></i>                                </div>

                            
                            <div class="ha-text">
									<!-- title tag start -->
                                    <h4 class="ha-list-title">
                                        Palabras Clave                                                                            </h4>
									<!-- title tag end -->

                                                                    <p class="ha-list-detail">
                                        MDL, Project Participant, Focal Point, Comercialización créditos de carbono                                    </p>
                                                            </div>

                            
                        </div>

                    
                </li>

            
                <li class="ha-list-item  elementor-repeater-item-e70e34e">

                    
                        <div class="ha-item-wrap">

							                                <div class="ha-icon icon">
									<i aria-hidden="true" class="hm hm-location-pointer"></i>                                </div>

                            
                            <div class="ha-text">
									<!-- title tag start -->
                                    <h4 class="ha-list-title">
                                        Alcance Geográfico                                                                            </h4>
									<!-- title tag end -->

                                                                    <p class="ha-list-detail">
                                        Colombia                                    </p>
                                                            </div>

                            
                        </div>

                    
                </li>

            
                <li class="ha-list-item  elementor-repeater-item-e2aff5c">

                    
                        <div class="ha-item-wrap">

							                                <div class="ha-icon icon">
									<i aria-hidden="true" class="hm hm-horizontal-timeline"></i>                                </div>

                            
                            <div class="ha-text">
									<!-- title tag start -->
                                    <h4 class="ha-list-title">
                                        Estado                                                                            </h4>
									<!-- title tag end -->

                                                                    <p class="ha-list-detail">
                                        En Curso                                    </p>
                                                            </div>

                            
                        </div>

                    
                </li>

                    </ul>

        		</div>
				</div>
					</div>
		</div>
					</div>
		</section>
				<section class="elementor-section elementor-inner-section elementor-element elementor-element-d60a4ad elementor-section-full_width elementor-section-height-default elementor-section-height-default" data-id="d60a4ad" data-element_type="section" data-settings="{&quot;_ha_eqh_enable&quot;:false}">
						<div class="elementor-container elementor-column-gap-default">
					<div class="elementor-column elementor-col-100 elementor-inner-column elementor-element elementor-element-5fe26b3" data-id="5fe26b3" data-element_type="column">
			<div class="elementor-widget-wrap elementor-element-populated">
						<div class="elementor-element elementor-element-18a4a4c elementor-widget elementor-widget-text-editor" data-id="18a4a4c" data-element_type="widget" data-widget_type="text-editor.default">
				<div class="elementor-widget-container">
			<style>/*! elementor - v3.23.0 - 25-07-2024 */
.elementor-widget-text-editor.elementor-drop-cap-view-stacked .elementor-drop-cap{background-color:#69727d;color:#fff}.elementor-widget-text-editor.elementor-drop-cap-view-framed .elementor-drop-cap{color:#69727d;border:3px solid;background-color:transparent}.elementor-widget-text-editor:not(.elementor-drop-cap-view-default) .elementor-drop-cap{margin-top:8px}.elementor-widget-text-editor:not(.elementor-drop-cap-view-default) .elementor-drop-cap-letter{width:1em;height:1em}.elementor-widget-text-editor .elementor-drop-cap{float:left;text-align:center;line-height:1;font-size:50px}.elementor-widget-text-editor .elementor-drop-cap-letter{display:inline-block}</style>				<p>Acompañar a las entidades adscritas del Ministerio de Minas y Energía para generar capacidades para el monitoreo, cuantificación, reporte, rendición de cuentas y gestión de la huella de carbono organizacional de acuerdo con la norma internacional ISO 140641: 2018.</p>
<p><b>Fuente:</b>&nbsp;<a href="https://www.minenergia.gov.co/historico-de-noticias?idNoticia=24098204" target="_blank" style="font-size: 20px; letter-spacing: 0px; text-align: inherit;">https://www.minenergia.gov.co/historico-de-noticias?idNoticia=24098204</a></p>						</div>
				</div>
					</div>
		</div>
					</div>
		</section>
					</div>
		</div>
					</div>
		</section>
				</div>

<p>Acompañar a las entidades adscritas del Ministerio de Minas y Energía para generar capacidades para el monitoreo, cuantificación, reporte, rendición de cuentas y gestión de la huella de carbono organizacional de acuerdo con la norma internacional ISO 14064-1:2018.</p>
